are the prime factors of 41817231?
3, 4646359
List the prime factors of 1859794204.
2, 43, 101, 107057
What are the prime factors of 164309968?
2, 223, 46051
What are the prime factors of 92062622?
2, 31, 461, 3221
List the prime factors of 1534046541.
3, 511348847
List the prime factors of 949670626.
2, 17, 47, 594287
What are the prime factors of 962850652?
2, 229, 1051147
List the prime factors of 303165469.
809, 374741
What are the prime factors of 66764356?
2, 16691089
What are the prime factors of 72720795?
3, 5, 7, 67, 10337
List the prime factors of 1062135231.
3, 17, 263, 79187
What are the prime factors of 1650130968?
2, 3, 83, 828379
List the prime factors of 4190752039.
29, 47, 103, 29851
List the prime factors of 1247098759.
1247098759
List the prime factors of 4846790967.
3, 17, 29, 43, 4483
List the prime factors of 304093078.
2, 152046539
What are the prime factors of 55741127?
13, 281, 15259
What are the prime factors of 142008584?
2, 19, 41, 22787
List the prime factors of 77146427.
739, 104393
List the prime factors of 21478507.
349, 61543
What are the prime factors of 2594520591?
3, 13, 3613, 18413
List the prime factors of 295589093.
295589093
List the prime factors of 13957103.
37, 377219
List the prime factors of 330014840.
2, 5, 31, 37, 7193
List the prime factors of 437203429.
13, 33631033
List the prime factors of 135006507.
3, 613, 2719
List the prime factors of 974596144.
2, 60912259
List the prime factors of 34269826.
2, 17134913
List the prime factors of 120680908.
2, 23, 1311749
List the prime factors of 76719344.
2, 13, 103, 3581
List the prime factors of 4495037780.
2, 5, 73, 449, 6857
List the prime factors of 46017521.
11, 17, 73, 3371
List the prime factors of 60633060.
2, 3, 5, 23, 53, 829
What are the prime factors of 984231022?
2, 191, 211, 12211
List the prime factors of 249250484.
2, 7, 8901803
List the prime factors of 8185785482.
2, 7, 353, 1049, 1579
What are the prime factors of 110343003?
3, 131, 280771
What are the prime factors of 437600351?
437600351
List the prime factors of 7521437321.
43, 1699, 102953
List the prime factors of 207325788.
2, 3, 17277149
What are the prime factors of 370928573?
4729, 78437
List the prime factors of 311188629.
3, 103729543
What are the prime factors of 451695112?
2, 11, 37, 138727
What are the prime factors of 82382501?
1091, 75511
List the prime factors of 818513831.
818513831
What are the prime factors of 532382298?
2, 3, 7, 733, 17293
List the prime factors of 6870221.
193, 35597
What are the prime factors of 4384388944?
2, 13, 17, 72937
List the prime factors of 658318909.
101, 1307, 4987
List the prime factors of 1571931559.
11, 142902869
What are the prime factors of 247842406?
2, 7, 17703029
List the prime factors of 2280148881.
3, 53, 1489, 9631
List the prime factors of 36829717.
47, 769, 1019
List the prime factors of 1366552420.
2, 5, 68327621
What are the prime factors of 182196847?
7, 3718303
List the prime factors of 3722752536.
2, 3, 19, 101, 80831
What are the prime factors of 77632462?
2, 38816231
List the prime factors of 2092590815.
5, 7, 829, 10303
List the prime factors of 1539125195.
5, 269, 479, 2389
What are the prime factors of 10515587?
10515587
What are the prime factors of 47947199?
127, 377537
What are the prime factors of 501984949?
719, 698171
What are the prime factors of 20395767?
3, 7, 17, 57131
What are the prime factors of 2040499052?
2, 17, 283, 106033
What are the prime factors of 2347129834?
2, 7, 5563, 30137
What are the prime factors of 27195317?
1709, 15913
List the prime factors of 1290559176.
2, 3, 5974811
List the prime factors of 4234984228.
2, 1058746057
What are the prime factors of 1523278872?
2, 3, 71, 113, 293
List the prime factors of 79494789.
3, 11, 2408933
What are the prime factors of 765273102?
2, 3, 11, 11595047
What are the prime factors of 400758908?
2, 11, 9108157
What are the prime factors of 768161970?
2, 3, 5, 937, 9109
What are the prime factors of 919716926?
2, 19, 73, 331549
What are the prime factors of 281019491?
43, 71, 83, 1109
What are the prime factors of 123722296?
2, 839, 18433
What are the prime factors of 437465821?
13, 577, 58321
List the prime factors of 66415289.
283, 234683
What are the prime factors of 92196501?
3, 199, 389, 397
List the prime factors of 119863911.
3, 39954637
List the prime factors of 2905744162.
2, 37, 39266813
What are the prime factors of 1864063199?
8807, 211657
What are the prime factors of 610358189?
7, 87194027
What are the prime factors of 1339127876?
2, 17, 61, 71, 4547
List the prime factors of 27919889.
27919889
What are the prime factors of 270125759?
270125759
What are the prime factors of 1880053?
7, 419, 641
List the prime factors of 317266523.
7, 6474827
What are the prime factors of 370506353?
7, 1847, 28657
What are the prime factors of 591938752?
2, 461, 20063
What are the prime factors of 447433668?
2, 3, 11, 277, 4079
What are the prime factors of 34392567?
3, 11, 23, 113, 401
What are the prime factors of 2040474097?
521, 613, 6389
List the prime factors of 195644682.
2, 3, 10869149
What are the prime factors of 348690880?
2, 5, 113, 9643
List the prime factors of 210648276.
2, 3, 359, 1811
List the prime factors of 5173045935.
3, 5, 11113, 31033
What are the prime factors of 283921936?
2, 23, 771527
List the prime factors of 193959684.
2, 3, 31, 41, 157
List the prime factors of 44278544.
2, 2767409
List the prime factors of 281317159.
281317159
What are the prime factors of 30590033?
151, 173, 1171
List the prime factors of 82760265.
3, 5, 7, 12511
List the prime factors of 215346545.
5, 43069309
List the prime factors of 415591549.
31, 13406179
List the prime factors of 268124290.
2, 5, 7, 3830347
List the prime factors of 30711978.
2, 3, 11, 59, 239
What are the prime factors of 4745803462?
2, 151, 523, 30047
List the prime factors of 43356938.
2, 79, 137, 2003
What are the prime factors of 74551741?
11, 619, 10949
List the prime factors of 45825412.
2, 11456353
List the prime factors of 1870455515.
5, 17, 22005359
What are the prime factors of 643807154?
2, 67, 1627, 2953
List the prime factors of 8930519.
13, 686963
List the prime factors of 141395008.
2, 43, 191, 269
List the prime factors of 734332012.
2, 107, 1715729
List the prime factors of 1048687592.
2, 31, 463, 9133
List the prime factors of 356907332.
2, 311, 379, 757
List the prime factors of 289516119.
3, 43, 79, 28409
List the prime factors of 1381498987.
11, 19, 31627
List the prime factors of 3404484.
2, 3, 29, 1087
What are the prime factors of 885030363?
3, 7, 23, 610787
What are the prime factors of 2247646683?
3, 749215561
What are the prime factors of 147402932?
2, 36850733
What are the prime factors of 434880008?
2, 103, 311, 1697
List the prime factors of 37865518.
2, 19, 996461
List the prime factors of 124040908.
2, 17, 41, 44491
List the prime factors of 7553586.
2, 3, 1258931
What are the prime factors of 1336477728?
2, 3, 13921643
What are the prime factors of 171556380?
2, 3, 5, 105899
What are the prime factors of 1277888157?
3, 7, 13, 6421
List the prime factors of 16694779.
16694779
What are the prime factors of 2871404468?
2, 79, 127, 71549
List the prime factors of 1942627246.
2, 7, 503, 39409
List the prime factors of 99039806.
2, 49519903
List the prime factors of 21874664.
2, 7, 97, 4027
What are the prime factors of 2119453963?
11, 4759, 40487
List the prime factors of 6237250.
2, 5, 61, 409
List the prime factors of 542985857.
19, 28578203
What are the prime factors of 213497444?
2, 53374361
What are the prime factors of 766753168?
2, 47922073
List the prime factors of 2544345287.
11, 1171, 17957
List the prime factors of 2905516062.
2, 3, 19, 1621, 1747
List the prime factors of 44094830.
2, 5, 13, 59, 5749
List the prime factors of 24823584.
2, 3, 61, 157
List the prime factors of 58306106.
2, 3541, 8233
What are the prime factors of 119614242?
2, 3, 11, 239, 7583
What are the prime factors of 125294772?
2, 3, 10441231
List the prime factors of 104732310.
2, 3, 5, 3491077
What are the prime factors of 163698259?
31, 5280589
List the prime factors of 71943189.
3, 23981063
List the prime factors of 53290162.
2, 769, 34649
What are the prime fact